{"id":375,"date":"2019-04-05T17:48:40","date_gmt":"2019-04-05T15:48:40","guid":{"rendered":"https:\/\/schild-alv.ch\/?page_id=375"},"modified":"2019-08-19T20:08:37","modified_gmt":"2019-08-19T18:08:37","slug":"wedding","status":"publish","type":"page","link":"https:\/\/schild-alv.ch\/index.php\/wedding\/","title":{"rendered":"Wedding"},"content":{"rendered":"\t\t<div data-elementor-type=\"wp-post\" data-elementor-id=\"375\" class=\"elementor elementor-375\">\n\t\t\t\t\t\t<div class=\"elementor-inner\">\n\t\t\t\t<div class=\"elementor-section-wrap\">\n\t\t\t\t\t\t\t\t\t<section class=\"elementor-section elementor-top-section elementor-element elementor-element-ba67e15 elementor-section-boxed elementor-section-height-default elementor-section-height-default\" data-id=\"ba67e15\" data-element_type=\"section\">\n\t\t\t\t\t\t<div class=\"elementor-container elementor-column-gap-default\">\n\t\t\t\t\t\t\t<div class=\"elementor-row\">\n\t\t\t\t\t<div class=\"elementor-column elementor-col-100 elementor-top-column elementor-element elementor-element-5b47f9d\" data-id=\"5b47f9d\" data-element_type=\"column\">\n\t\t\t<div class=\"elementor-column-wrap elementor-element-populated\">\n\t\t\t\t\t\t\t<div class=\"elementor-widget-wrap\">\n\t\t\t\t\t\t<div class=\"elementor-element elementor-element-a61d480 elementor-widget elementor-widget-spacer\" data-id=\"a61d480\" data-element_type=\"widget\" data-widget_type=\"spacer.default\">\n\t\t\t\t<div class=\"elementor-widget-container\">\n\t\t\t\t\t<div class=\"elementor-spacer\">\n\t\t\t<div class=\"elementor-spacer-inner\"><\/div>\n\t\t<\/div>\n\t\t\t\t<\/div>\n\t\t\t\t<\/div>\n\t\t\t\t\t\t<\/div>\n\t\t\t\t\t<\/div>\n\t\t<\/div>\n\t\t\t\t\t\t\t\t<\/div>\n\t\t\t\t\t<\/div>\n\t\t<\/section>\n\t\t\t\t<section class=\"elementor-section elementor-top-section elementor-element elementor-element-6321075 elementor-section-stretched elementor-section-boxed elementor-section-height-default elementor-section-height-default\" data-id=\"6321075\" data-element_type=\"section\" data-settings=\"{&quot;stretch_section&quot;:&quot;section-stretched&quot;}\">\n\t\t\t\t\t\t<div class=\"elementor-container elementor-column-gap-default\">\n\t\t\t\t\t\t\t<div class=\"elementor-row\">\n\t\t\t\t\t<div class=\"elementor-column elementor-col-100 elementor-top-column elementor-element elementor-element-4ea57ab\" data-id=\"4ea57ab\" data-element_type=\"column\" data-settings=\"{&quot;background_background&quot;:&quot;classic&quot;,&quot;animation&quot;:&quot;none&quot;}\">\n\t\t\t<div class=\"elementor-column-wrap elementor-element-populated\">\n\t\t\t\t\t<div class=\"elementor-background-overlay\"><\/div>\n\t\t\t\t\t\t\t<div class=\"elementor-widget-wrap\">\n\t\t\t\t\t\t<div class=\"elementor-element elementor-element-bcf83d2 elementor-widget elementor-widget-text-editor\" data-id=\"bcf83d2\" data-element_type=\"widget\" data-widget_type=\"text-editor.default\">\n\t\t\t\t<div class=\"elementor-widget-container\">\n\t\t\t\t\t\t\t\t<div class=\"elementor-text-editor elementor-clearfix\">\n\t\t\t\t<h1>Wedding\u00a0\u00a0<img decoding=\"async\" loading=\"lazy\" src=\"https:\/\/schild-alv.ch\/wp-content\/uploads\/2018\/08\/rings-1.png\" alt=\"\" width=\"98\" height=\"98\" class=\"alignright  wp-image-214\" srcset=\"https:\/\/schild-alv.ch\/wp-content\/uploads\/2018\/08\/rings-1.png 256w, https:\/\/schild-alv.ch\/wp-content\/uploads\/2018\/08\/rings-1-150x150.png 150w\" sizes=\"(max-width: 98px) 100vw, 98px\" \/>\u00a0<\/h1>\t\t\t\t\t<\/div>\n\t\t\t\t\t\t<\/div>\n\t\t\t\t<\/div>\n\t\t\t\t<div class=\"elementor-element elementor-element-cacf3a7 elementor-widget elementor-widget-text-editor\" data-id=\"cacf3a7\" data-element_type=\"widget\" data-widget_type=\"text-editor.default\">\n\t\t\t\t<div class=\"elementor-widget-container\">\n\t\t\t\t\t\t\t\t<div class=\"elementor-text-editor elementor-clearfix\">\n\t\t\t\t<blockquote style=\"margin-bottom: 0px; padding: 0px; border: 0px; outline: 0px; vertical-align: baseline; background: 0px 0px; font-variant-numeric: normal; font-variant-east-asian: normal; font-stretch: normal; font-size: 16px; line-height: normal;\"><h6>Wir sind da daf\u00fcr das ihr sch\u00f6nster Tag ohne Stress abl\u00e4uft. Wir Organisieren ihnen ihre Hochzeit. Mit unserem Licht Audio Video und Dekoration bekommt ihre Hochzeit das beste Ambiente. Ihre Hochzeit wird auf sie angepasst und jeder Wunsch wird so wie es sie wollen umgesetzt. Sie und ihre G\u00e4ste werden beeindruckt. Wir bitten alles andere als Standard Hochzeiten an.<\/h6><ul><\/ul><\/blockquote>\t\t\t\t\t<\/div>\n\t\t\t\t\t\t<\/div>\n\t\t\t\t<\/div>\n\t\t\t\t\t\t<\/div>\n\t\t\t\t\t<\/div>\n\t\t<\/div>\n\t\t\t\t\t\t\t\t<\/div>\n\t\t\t\t\t<\/div>\n\t\t<\/section>\n\t\t\t\t\t\t\t\t\t<\/div>\n\t\t\t<\/div>\n\t\t\t\t\t<\/div>\n\t\t","protected":false},"excerpt":{"rendered":"<p>Wedding\u00a0\u00a0\u00a0 Wir sind da daf\u00fcr das ihr sch\u00f6nster Tag ohne Stress abl\u00e4uft. Wir Organisieren ihnen ihre Hochzeit. Mit unserem Licht Audio Video und Dekoration bekommt ihre Hochzeit das beste Ambiente. Ihre Hochzeit wird auf sie angepasst und jeder Wunsch wird so wie es sie wollen umgesetzt. Sie und ihre G\u00e4ste [&hellip;]<\/p>\n","protected":false},"author":1,"featured_media":0,"parent":0,"menu_order":0,"comment_status":"closed","ping_status":"closed","template":"page-templates\/template-pagebuilder-full-width.php","meta":{"_mi_skip_tracking":false},"_links":{"self":[{"href":"https:\/\/schild-alv.ch\/index.php\/wp-json\/wp\/v2\/pages\/375"}],"collection":[{"href":"https:\/\/schild-alv.ch\/index.php\/wp-json\/wp\/v2\/pages"}],"about":[{"href":"https:\/\/schild-alv.ch\/index.php\/wp-json\/wp\/v2\/types\/page"}],"author":[{"embeddable":true,"href":"https:\/\/schild-alv.ch\/index.php\/wp-json\/wp\/v2\/users\/1"}],"replies":[{"embeddable":true,"href":"https:\/\/schild-alv.ch\/index.php\/wp-json\/wp\/v2\/comments?post=375"}],"version-history":[{"count":4,"href":"https:\/\/schild-alv.ch\/index.php\/wp-json\/wp\/v2\/pages\/375\/revisions"}],"predecessor-version":[{"id":475,"href":"https:\/\/schild-alv.ch\/index.php\/wp-json\/wp\/v2\/pages\/375\/revisions\/475"}],"wp:attachment":[{"href":"https:\/\/schild-alv.ch\/index.php\/wp-json\/wp\/v2\/media?parent=375"}],"curies":[{"name":"wp","href":"https:\/\/api.w.org\/{rel}","templated":true}]}}